{"id":38425,"date":"2022-02-24T16:47:41","date_gmt":"2022-02-24T15:47:41","guid":{"rendered":"https:\/\/www.creilsudoise-tourisme.fr\/?page_id=38425"},"modified":"2022-11-02T16:26:23","modified_gmt":"2022-11-02T15:26:23","slug":"appel-projet","status":"publish","type":"page","link":"https:\/\/www.creilsudoise-tourisme.fr\/nl\/espace-pro\/oproep-voor-projecten\/","title":{"rendered":"Oproepen voor projecten"},"content":{"rendered":"<p class=\"is-style-excerpt\"><strong>Partners<\/strong>, <strong>toeristische professionals<\/strong> ge\u00efnstalleerd op het grondgebied <strong>Creil Sud Oise<\/strong>Ontdek meer over <strong>Projectoproepen van het Office de Tourisme Creil Sud Oise<\/strong>.<\/p>","protected":false},"excerpt":{"rendered":"<p>Partners, professionals uit de toeristische sector in de regio Creil Sud Oise, vinden hier informatie over de projectoproepen van het Office de Tourisme Creil Sud Oise.<\/p>","protected":false},"author":3,"featured_media":38426,"parent":209,"menu_order":2,"comment_status":"closed","ping_status":"closed","template":"page-templates\/intermediaire.php","meta":{"_relevanssi_hide_post":"","_relevanssi_hide_content":"","_relevanssi_pin_for_all":"","_relevanssi_pin_keywords":"","_relevanssi_unpin_keywords":"","_relevanssi_related_keywords":"","_relevanssi_related_include_ids":"","_relevanssi_related_exclude_ids":"","_relevanssi_related_no_append":"","_relevanssi_related_not_related":"","_relevanssi_related_posts":"37757,36660,36653,37932,37951,32820","_relevanssi_noindex_reason":""},"yoast_head":"<!-- This site is optimized with the Yoast SEO plugin v20.2.1 - https:\/\/yoast.com\/wordpress\/plugins\/seo\/ -->\n<title>R\u00e9pondez aux appels \u00e0 projets de l&#039;Office de Tourisme Creil Sud Oise<\/title>\n<meta name=\"description\" content=\"L&#039;Office de Tourisme Creil Sud Oise publie des appels \u00e0 projets \u00e0 destination des partenaires et des professionnels du territoire. Postulez !\" \/>\n<meta name=\"robots\" content=\"index, follow, max-snippet:-1, max-image-preview:large, max-video-preview:-1\" \/>\n<link rel=\"canonical\" href=\"https:\/\/www.creilsudoise-tourisme.fr\/nl\/espace-pro\/oproep-voor-projecten\/\" \/>\n<meta property=\"og:locale\" content=\"nl_NL\" \/>\n<meta property=\"og:type\" content=\"article\" \/>\n<meta property=\"og:title\" content=\"R\u00e9pondez aux appels \u00e0 projets de l&#039;Office de Tourisme Creil Sud Oise\" \/>\n<meta property=\"og:description\" content=\"L&#039;Office de Tourisme Creil Sud Oise publie des appels \u00e0 projets \u00e0 destination des partenaires et des professionnels du territoire. Postulez !\" \/>\n<meta property=\"og:url\" content=\"https:\/\/www.creilsudoise-tourisme.fr\/nl\/espace-pro\/oproep-voor-projecten\/\" \/>\n<meta property=\"og:site_name\" content=\"Office de Tourisme Creil Sud Oise\" \/>\n<meta property=\"article:publisher\" content=\"https:\/\/www.facebook.com\/creilsudoisetourisme\/\" \/>\n<meta property=\"article:modified_time\" content=\"2022-11-02T15:26:23+00:00\" \/>\n<meta property=\"og:image\" content=\"https:\/\/www.creilsudoise-tourisme.fr\/wp-content\/uploads\/2021\/10\/Sortie-champignon.jpg\" \/>\n\t<meta property=\"og:image:width\" content=\"1600\" \/>\n\t<meta property=\"og:image:height\" content=\"900\" \/>\n\t<meta property=\"og:image:type\" content=\"image\/jpeg\" \/>\n<meta name=\"twitter:card\" content=\"summary_large_image\" \/>\n<meta name=\"twitter:site\" content=\"@CreilSudOiseOT\" \/>\n<meta name=\"twitter:label1\" content=\"Geschatte leestijd\" \/>\n\t<meta name=\"twitter:data1\" content=\"1 minuut\" \/>\n<script type=\"application\/ld+json\" class=\"yoast-schema-graph\">{\"@context\":\"https:\/\/schema.org\",\"@graph\":[{\"@type\":\"WebPage\",\"@id\":\"https:\/\/www.creilsudoise-tourisme.fr\/espace-pro\/appel-projet\/\",\"url\":\"https:\/\/www.creilsudoise-tourisme.fr\/espace-pro\/appel-projet\/\",\"name\":\"R\u00e9pondez aux appels \u00e0 projets de l'Office de Tourisme Creil Sud Oise\",\"isPartOf\":{\"@id\":\"https:\/\/www.creilsudoise-tourisme.fr\/#website\"},\"datePublished\":\"2022-02-24T15:47:41+00:00\",\"dateModified\":\"2022-11-02T15:26:23+00:00\",\"description\":\"L'Office de Tourisme Creil Sud Oise publie des appels \u00e0 projets \u00e0 destination des partenaires et des professionnels du territoire. Postulez !\",\"breadcrumb\":{\"@id\":\"https:\/\/www.creilsudoise-tourisme.fr\/espace-pro\/appel-projet\/#breadcrumb\"},\"inLanguage\":\"nl\",\"potentialAction\":[{\"@type\":\"ReadAction\",\"target\":[\"https:\/\/www.creilsudoise-tourisme.fr\/espace-pro\/appel-projet\/\"]}]},{\"@type\":\"BreadcrumbList\",\"@id\":\"https:\/\/www.creilsudoise-tourisme.fr\/espace-pro\/appel-projet\/#breadcrumb\",\"itemListElement\":[{\"@type\":\"ListItem\",\"position\":1,\"name\":\"Accueil\",\"item\":\"https:\/\/www.creilsudoise-tourisme.fr\/\"},{\"@type\":\"ListItem\",\"position\":2,\"name\":\"Espace pro\",\"item\":\"https:\/\/www.creilsudoise-tourisme.fr\/espace-pro\/\"},{\"@type\":\"ListItem\",\"position\":3,\"name\":\"Appels \u00e0 projets\"}]},{\"@type\":\"WebSite\",\"@id\":\"https:\/\/www.creilsudoise-tourisme.fr\/#website\",\"url\":\"https:\/\/www.creilsudoise-tourisme.fr\/\",\"name\":\"Office de Tourisme Creil Sud Oise\",\"description\":\"Creil Sud Oise Tourisme, un territoire \u00e0 explorer !\",\"publisher\":{\"@id\":\"https:\/\/www.creilsudoise-tourisme.fr\/#organization\"},\"potentialAction\":[{\"@type\":\"SearchAction\",\"target\":{\"@type\":\"EntryPoint\",\"urlTemplate\":\"https:\/\/www.creilsudoise-tourisme.fr\/?s={search_term_string}\"},\"query-input\":\"required name=search_term_string\"}],\"inLanguage\":\"nl\"},{\"@type\":\"Organization\",\"@id\":\"https:\/\/www.creilsudoise-tourisme.fr\/#organization\",\"name\":\"Creil Sud Oise Tourisme\",\"url\":\"https:\/\/www.creilsudoise-tourisme.fr\/\",\"logo\":{\"@type\":\"ImageObject\",\"inLanguage\":\"nl\",\"@id\":\"https:\/\/www.creilsudoise-tourisme.fr\/#\/schema\/logo\/image\/\",\"url\":\"https:\/\/www.creilsudoise-tourisme.fr\/wp-content\/uploads\/2021\/05\/logo-svg.png\",\"contentUrl\":\"https:\/\/www.creilsudoise-tourisme.fr\/wp-content\/uploads\/2021\/05\/logo-svg.png\",\"width\":182,\"height\":71,\"caption\":\"Creil Sud Oise Tourisme\"},\"image\":{\"@id\":\"https:\/\/www.creilsudoise-tourisme.fr\/#\/schema\/logo\/image\/\"},\"sameAs\":[\"https:\/\/www.facebook.com\/creilsudoisetourisme\/\",\"https:\/\/twitter.com\/CreilSudOiseOT\",\"https:\/\/www.instagram.com\/creilsudoisetourisme\/\",\"https:\/\/www.youtube.com\/channel\/UC8L_QD2wwyADW14zt9fY8kw\"]}]}<\/script>\n<!-- \/ Yoast SEO plugin. -->","yoast_head_json":{"title":"R\u00e9pondez aux appels \u00e0 projets de l'Office de Tourisme Creil Sud Oise","description":"L'Office de Tourisme Creil Sud Oise publie des appels \u00e0 projets \u00e0 destination des partenaires et des professionnels du territoire. Postulez !","robots":{"index":"index","follow":"follow","max-snippet":"max-snippet:-1","max-image-preview":"max-image-preview:large","max-video-preview":"max-video-preview:-1"},"canonical":"https:\/\/www.creilsudoise-tourisme.fr\/nl\/espace-pro\/oproep-voor-projecten\/","og_locale":"nl_NL","og_type":"article","og_title":"R\u00e9pondez aux appels \u00e0 projets de l'Office de Tourisme Creil Sud Oise","og_description":"L'Office de Tourisme Creil Sud Oise publie des appels \u00e0 projets \u00e0 destination des partenaires et des professionnels du territoire. Postulez !","og_url":"https:\/\/www.creilsudoise-tourisme.fr\/nl\/espace-pro\/oproep-voor-projecten\/","og_site_name":"Office de Tourisme Creil Sud Oise","article_publisher":"https:\/\/www.facebook.com\/creilsudoisetourisme\/","article_modified_time":"2022-11-02T15:26:23+00:00","og_image":[{"width":1600,"height":900,"url":"https:\/\/www.creilsudoise-tourisme.fr\/wp-content\/uploads\/2021\/10\/Sortie-champignon.jpg","type":"image\/jpeg"}],"twitter_card":"summary_large_image","twitter_site":"@CreilSudOiseOT","twitter_misc":{"Geschatte leestijd":"1 minuut"},"schema":{"@context":"https:\/\/schema.org","@graph":[{"@type":"WebPage","@id":"https:\/\/www.creilsudoise-tourisme.fr\/espace-pro\/appel-projet\/","url":"https:\/\/www.creilsudoise-tourisme.fr\/espace-pro\/appel-projet\/","name":"R\u00e9pondez aux appels \u00e0 projets de l'Office de Tourisme Creil Sud Oise","isPartOf":{"@id":"https:\/\/www.creilsudoise-tourisme.fr\/#website"},"datePublished":"2022-02-24T15:47:41+00:00","dateModified":"2022-11-02T15:26:23+00:00","description":"L'Office de Tourisme Creil Sud Oise publie des appels \u00e0 projets \u00e0 destination des partenaires et des professionnels du territoire. Postulez !","breadcrumb":{"@id":"https:\/\/www.creilsudoise-tourisme.fr\/espace-pro\/appel-projet\/#breadcrumb"},"inLanguage":"nl","potentialAction":[{"@type":"ReadAction","target":["https:\/\/www.creilsudoise-tourisme.fr\/espace-pro\/appel-projet\/"]}]},{"@type":"BreadcrumbList","@id":"https:\/\/www.creilsudoise-tourisme.fr\/espace-pro\/appel-projet\/#breadcrumb","itemListElement":[{"@type":"ListItem","position":1,"name":"Accueil","item":"https:\/\/www.creilsudoise-tourisme.fr\/"},{"@type":"ListItem","position":2,"name":"Espace pro","item":"https:\/\/www.creilsudoise-tourisme.fr\/espace-pro\/"},{"@type":"ListItem","position":3,"name":"Appels \u00e0 projets"}]},{"@type":"WebSite","@id":"https:\/\/www.creilsudoise-tourisme.fr\/#website","url":"https:\/\/www.creilsudoise-tourisme.fr\/","name":"Office de Tourisme Creil Sud Oise","description":"Creil Sud Oise Tourisme, un territoire \u00e0 explorer !","publisher":{"@id":"https:\/\/www.creilsudoise-tourisme.fr\/#organization"},"potentialAction":[{"@type":"SearchAction","target":{"@type":"EntryPoint","urlTemplate":"https:\/\/www.creilsudoise-tourisme.fr\/?s={search_term_string}"},"query-input":"required name=search_term_string"}],"inLanguage":"nl"},{"@type":"Organization","@id":"https:\/\/www.creilsudoise-tourisme.fr\/#organization","name":"Creil Sud Oise Tourisme","url":"https:\/\/www.creilsudoise-tourisme.fr\/","logo":{"@type":"ImageObject","inLanguage":"nl","@id":"https:\/\/www.creilsudoise-tourisme.fr\/#\/schema\/logo\/image\/","url":"https:\/\/www.creilsudoise-tourisme.fr\/wp-content\/uploads\/2021\/05\/logo-svg.png","contentUrl":"https:\/\/www.creilsudoise-tourisme.fr\/wp-content\/uploads\/2021\/05\/logo-svg.png","width":182,"height":71,"caption":"Creil Sud Oise Tourisme"},"image":{"@id":"https:\/\/www.creilsudoise-tourisme.fr\/#\/schema\/logo\/image\/"},"sameAs":["https:\/\/www.facebook.com\/creilsudoisetourisme\/","https:\/\/twitter.com\/CreilSudOiseOT","https:\/\/www.instagram.com\/creilsudoisetourisme\/","https:\/\/www.youtube.com\/channel\/UC8L_QD2wwyADW14zt9fY8kw"]}]}},"_links":{"self":[{"href":"https:\/\/www.creilsudoise-tourisme.fr\/nl\/wp-json\/wp\/v2\/pages\/38425"}],"collection":[{"href":"https:\/\/www.creilsudoise-tourisme.fr\/nl\/wp-json\/wp\/v2\/pages"}],"about":[{"href":"https:\/\/www.creilsudoise-tourisme.fr\/nl\/wp-json\/wp\/v2\/types\/page"}],"author":[{"embeddable":true,"href":"https:\/\/www.creilsudoise-tourisme.fr\/nl\/wp-json\/wp\/v2\/users\/3"}],"replies":[{"embeddable":true,"href":"https:\/\/www.creilsudoise-tourisme.fr\/nl\/wp-json\/wp\/v2\/comments?post=38425"}],"version-history":[{"count":11,"href":"https:\/\/www.creilsudoise-tourisme.fr\/nl\/wp-json\/wp\/v2\/pages\/38425\/revisions"}],"predecessor-version":[{"id":43319,"href":"https:\/\/www.creilsudoise-tourisme.fr\/nl\/wp-json\/wp\/v2\/pages\/38425\/revisions\/43319"}],"up":[{"embeddable":true,"href":"https:\/\/www.creilsudoise-tourisme.fr\/nl\/wp-json\/wp\/v2\/pages\/209"}],"wp:featuredmedia":[{"embeddable":true,"href":"https:\/\/www.creilsudoise-tourisme.fr\/nl\/wp-json\/wp\/v2\/media\/38426"}],"wp:attachment":[{"href":"https:\/\/www.creilsudoise-tourisme.fr\/nl\/wp-json\/wp\/v2\/media?parent=38425"}],"curies":[{"name":"wp","href":"https:\/\/api.w.org\/{rel}","templated":true}]}}

<p class="is-style-excerpt"><strong>Partners</strong>, <strong>toeristische professionals</strong> geïnstalleerd op het grondgebied <strong>Creil Sud Oise</strong>Ontdek meer over <strong>Projectoproepen van het Office de Tourisme Creil Sud Oise</strong>.</p>

<!-- This site is optimized with the Yoast SEO plugin v20.2.1 - https://yoast.com/wordpress/plugins/seo/ -->
<title>Répondez aux appels à projets de l&#039;Office de Tourisme Creil Sud Oise</title>
<meta name="description" content="L&#039;Office de Tourisme Creil Sud Oise publie des appels à projets à destination des partenaires et des professionnels du territoire. Postulez !" />
<meta name="robots" content="index, follow, max-snippet:-1, max-image-preview:large, max-video-preview:-1" />
<link rel="canonical" href="https://www.creilsudoise-tourisme.fr/nl/espace-pro/oproep-voor-projecten/" />
<meta property="og:locale" content="nl_NL" />
<meta property="og:type" content="article" />
<meta property="og:title" content="Répondez aux appels à projets de l&#039;Office de Tourisme Creil Sud Oise" />
<meta property="og:description" content="L&#039;Office de Tourisme Creil Sud Oise publie des appels à projets à destination des partenaires et des professionnels du territoire. Postulez !" />
<meta property="og:url" content="https://www.creilsudoise-tourisme.fr/nl/espace-pro/oproep-voor-projecten/" />
<meta property="og:site_name" content="Office de Tourisme Creil Sud Oise" />
<meta property="article:publisher" content="https://www.facebook.com/creilsudoisetourisme/" />
<meta property="article:modified_time" content="2022-11-02T15:26:23+00:00" />
<meta property="og:image" content="https://www.creilsudoise-tourisme.fr/wp-content/uploads/2021/10/Sortie-champignon.jpg" />
	<meta property="og:image:width" content="1600" />
	<meta property="og:image:height" content="900" />
	<meta property="og:image:type" content="image/jpeg" />
<meta name="twitter:card" content="summary_large_image" />
<meta name="twitter:site" content="@CreilSudOiseOT" />
<meta name="twitter:label1" content="Geschatte leestijd" />
	<meta name="twitter:data1" content="1 minuut" />
<script type="application/ld+json" class="yoast-schema-graph">{"@context":"https://schema.org","@graph":[{"@type":"WebPage","@id":"https://www.creilsudoise-tourisme.fr/espace-pro/appel-projet/","url":"https://www.creilsudoise-tourisme.fr/espace-pro/appel-projet/","name":"Répondez aux appels à projets de l'Office de Tourisme Creil Sud Oise","isPartOf":{"@id":"https://www.creilsudoise-tourisme.fr/#website"},"datePublished":"2022-02-24T15:47:41+00:00","dateModified":"2022-11-02T15:26:23+00:00","description":"L'Office de Tourisme Creil Sud Oise publie des appels à projets à destination des partenaires et des professionnels du territoire. Postulez !","breadcrumb":{"@id":"https://www.creilsudoise-tourisme.fr/espace-pro/appel-projet/#breadcrumb"},"inLanguage":"nl","potentialAction":[{"@type":"ReadAction","target":["https://www.creilsudoise-tourisme.fr/espace-pro/appel-projet/"]}]},{"@type":"BreadcrumbList","@id":"https://www.creilsudoise-tourisme.fr/espace-pro/appel-projet/#breadcrumb","itemListElement":[{"@type":"ListItem","position":1,"name":"Accueil","item":"https://www.creilsudoise-tourisme.fr/"},{"@type":"ListItem","position":2,"name":"Espace pro","item":"https://www.creilsudoise-tourisme.fr/espace-pro/"},{"@type":"ListItem","position":3,"name":"Appels à projets"}]},{"@type":"WebSite","@id":"https://www.creilsudoise-tourisme.fr/#website","url":"https://www.creilsudoise-tourisme.fr/","name":"Office de Tourisme Creil Sud Oise","description":"Creil Sud Oise Tourisme, un territoire à explorer !","publisher":{"@id":"https://www.creilsudoise-tourisme.fr/#organization"},"potentialAction":[{"@type":"SearchAction","target":{"@type":"EntryPoint","urlTemplate":"https://www.creilsudoise-tourisme.fr/?s={search_term_string}"},"query-input":"required name=search_term_string"}],"inLanguage":"nl"},{"@type":"Organization","@id":"https://www.creilsudoise-tourisme.fr/#organization","name":"Creil Sud Oise Tourisme","url":"https://www.creilsudoise-tourisme.fr/","logo":{"@type":"ImageObject","inLanguage":"nl","@id":"https://www.creilsudoise-tourisme.fr/#/schema/logo/image/","url":"https://www.creilsudoise-tourisme.fr/wp-content/uploads/2021/05/logo-svg.png","contentUrl":"https://www.creilsudoise-tourisme.fr/wp-content/uploads/2021/05/logo-svg.png","width":182,"height":71,"caption":"Creil Sud Oise Tourisme"},"image":{"@id":"https://www.creilsudoise-tourisme.fr/#/schema/logo/image/"},"sameAs":["https://www.facebook.com/creilsudoisetourisme/","https://twitter.com/CreilSudOiseOT","https://www.instagram.com/creilsudoisetourisme/","https://www.youtube.com/channel/UC8L_QD2wwyADW14zt9fY8kw"]}]}</script>
<!-- / Yoast SEO plugin. -->

Répondez aux appels à projets de l'Office de Tourisme Creil Sud Oise

L'Office de Tourisme Creil Sud Oise publie des appels à projets à destination des partenaires et des professionnels du territoire. Postulez !

Appels à projets

Creil Sud Oise Tourisme, un territoire à explorer !
