{"id":179,"date":"2021-02-17T10:03:10","date_gmt":"2021-02-17T09:03:10","guid":{"rendered":"https:\/\/www.creilsudoise-tourisme.fr\/une-randonnee-ou-balade\/"},"modified":"2024-07-05T10:56:32","modified_gmt":"2024-07-05T08:56:32","slug":"randonnee","status":"publish","type":"page","link":"https:\/\/www.creilsudoise-tourisme.fr\/nl\/i-search\/wandeling-2\/","title":{"rendered":"Een wandeling"},"content":{"rendered":"<p class=\"is-style-excerpt\">Ontdek Creil Sud Oise <strong>te voet, per fiets of te paard <\/strong>tijdens een <strong>wandelen <\/strong>in het bos of door de velden, om het natuurlijke en culturele erfgoed te ontdekken!<\/p>\n\n\n\n<h2>Club wandelen<\/h2>\n\n\n\n<div class=\"is-content-justification-center is-layout-flex wp-container-1 wp-block-buttons\">\n<div class=\"wp-block-button\"><a class=\"wp-block-button__link wp-element-button\" href=\"https:\/\/www.creilsudoise-tourisme.fr\/nl\/2022\/01\/24\/wandeling\/\" target=\"_blank\" rel=\"noreferrer noopener\">Wandelclubs<\/a><\/div>\n<\/div>\n\n\n\n<h2>Zelf rondleidingen<\/h2>","protected":false},"excerpt":{"rendered":"<p>Ontdek Creil Sud Oise te voet, op de fiets of te paard tijdens een wandeling door het bos of over de velden en ontdek het natuurlijke en culturele erfgoed! Wandelen met een club Zelfbegeleide tochten<\/p>","protected":false},"author":1,"featured_media":35011,"parent":167,"menu_order":0,"comment_status":"closed","ping_status":"closed","template":"page-templates\/sit-aside.php","meta":{"_relevanssi_hide_post":"","_relevanssi_hide_content":"","_relevanssi_pin_for_all":"","_relevanssi_pin_keywords":"","_relevanssi_unpin_keywords":"","_relevanssi_related_keywords":"","_relevanssi_related_include_ids":"","_relevanssi_related_exclude_ids":"","_relevanssi_related_no_append":"","_relevanssi_related_not_related":"","_relevanssi_related_posts":"273,275,271,267","_relevanssi_noindex_reason":""},"yoast_head":"<!-- This site is optimized with the Yoast SEO plugin v20.2.1 - https:\/\/yoast.com\/wordpress\/plugins\/seo\/ -->\n<title>Une randonn\u00e9e ou balade - Office de Tourisme Creil Sud Oise<\/title>\n<meta name=\"description\" content=\"Explorez Creil Sud Oise \u00e0 pied, en v\u00e9lo ou \u00e0 cheval lors d\u2019une randonn\u00e9e en for\u00eat ou \u00e0 travers champs, \u00e0 la d\u00e9couverte du patrimoine naturel et culturel !\" \/>\n<meta name=\"robots\" content=\"index, follow, max-snippet:-1, max-image-preview:large, max-video-preview:-1\" \/>\n<link rel=\"canonical\" href=\"https:\/\/www.creilsudoise-tourisme.fr\/nl\/i-search\/wandeling-2\/\" \/>\n<meta property=\"og:locale\" content=\"nl_NL\" \/>\n<meta property=\"og:type\" content=\"article\" \/>\n<meta property=\"og:title\" content=\"Une randonn\u00e9e ou balade - Office de Tourisme Creil Sud Oise\" \/>\n<meta property=\"og:description\" content=\"Explorez Creil Sud Oise \u00e0 pied, en v\u00e9lo ou \u00e0 cheval lors d\u2019une randonn\u00e9e en for\u00eat ou \u00e0 travers champs, \u00e0 la d\u00e9couverte du patrimoine naturel et culturel !\" \/>\n<meta property=\"og:url\" content=\"https:\/\/www.creilsudoise-tourisme.fr\/nl\/i-search\/wandeling-2\/\" \/>\n<meta property=\"og:site_name\" content=\"Office de Tourisme Creil Sud Oise\" \/>\n<meta property=\"article:publisher\" content=\"https:\/\/www.facebook.com\/creilsudoisetourisme\/\" \/>\n<meta property=\"article:modified_time\" content=\"2024-07-05T08:56:32+00:00\" \/>\n<meta property=\"og:image\" content=\"https:\/\/www.creilsudoise-tourisme.fr\/wp-content\/uploads\/2021\/05\/2013-08-10-Radonnee-nocturne.jpg\" \/>\n\t<meta property=\"og:image:width\" content=\"1600\" \/>\n\t<meta property=\"og:image:height\" content=\"856\" \/>\n\t<meta property=\"og:image:type\" content=\"image\/jpeg\" \/>\n<meta name=\"twitter:card\" content=\"summary_large_image\" \/>\n<meta name=\"twitter:site\" content=\"@CreilSudOiseOT\" \/>\n<meta name=\"twitter:label1\" content=\"Geschatte leestijd\" \/>\n\t<meta name=\"twitter:data1\" content=\"1 minuut\" \/>\n<script type=\"application\/ld+json\" class=\"yoast-schema-graph\">{\"@context\":\"https:\/\/schema.org\",\"@graph\":[{\"@type\":\"WebPage\",\"@id\":\"https:\/\/www.creilsudoise-tourisme.fr\/je-cherche\/randonnee\/\",\"url\":\"https:\/\/www.creilsudoise-tourisme.fr\/je-cherche\/randonnee\/\",\"name\":\"Une randonn\u00e9e ou balade - Office de Tourisme Creil Sud Oise\",\"isPartOf\":{\"@id\":\"https:\/\/www.creilsudoise-tourisme.fr\/#website\"},\"datePublished\":\"2021-02-17T09:03:10+00:00\",\"dateModified\":\"2024-07-05T08:56:32+00:00\",\"description\":\"Explorez Creil Sud Oise \u00e0 pied, en v\u00e9lo ou \u00e0 cheval lors d\u2019une randonn\u00e9e en for\u00eat ou \u00e0 travers champs, \u00e0 la d\u00e9couverte du patrimoine naturel et culturel !\",\"breadcrumb\":{\"@id\":\"https:\/\/www.creilsudoise-tourisme.fr\/je-cherche\/randonnee\/#breadcrumb\"},\"inLanguage\":\"nl\",\"potentialAction\":[{\"@type\":\"ReadAction\",\"target\":[\"https:\/\/www.creilsudoise-tourisme.fr\/je-cherche\/randonnee\/\"]}]},{\"@type\":\"BreadcrumbList\",\"@id\":\"https:\/\/www.creilsudoise-tourisme.fr\/je-cherche\/randonnee\/#breadcrumb\",\"itemListElement\":[{\"@type\":\"ListItem\",\"position\":1,\"name\":\"Accueil\",\"item\":\"https:\/\/www.creilsudoise-tourisme.fr\/\"},{\"@type\":\"ListItem\",\"position\":2,\"name\":\"Je cherche\",\"item\":\"https:\/\/www.creilsudoise-tourisme.fr\/je-cherche\/\"},{\"@type\":\"ListItem\",\"position\":3,\"name\":\"Une randonn\u00e9e ou balade\"}]},{\"@type\":\"WebSite\",\"@id\":\"https:\/\/www.creilsudoise-tourisme.fr\/#website\",\"url\":\"https:\/\/www.creilsudoise-tourisme.fr\/\",\"name\":\"Office de Tourisme Creil Sud Oise\",\"description\":\"Creil Sud Oise Tourisme, un territoire \u00e0 explorer !\",\"publisher\":{\"@id\":\"https:\/\/www.creilsudoise-tourisme.fr\/#organization\"},\"potentialAction\":[{\"@type\":\"SearchAction\",\"target\":{\"@type\":\"EntryPoint\",\"urlTemplate\":\"https:\/\/www.creilsudoise-tourisme.fr\/?s={search_term_string}\"},\"query-input\":\"required name=search_term_string\"}],\"inLanguage\":\"nl\"},{\"@type\":\"Organization\",\"@id\":\"https:\/\/www.creilsudoise-tourisme.fr\/#organization\",\"name\":\"Creil Sud Oise Tourisme\",\"url\":\"https:\/\/www.creilsudoise-tourisme.fr\/\",\"logo\":{\"@type\":\"ImageObject\",\"inLanguage\":\"nl\",\"@id\":\"https:\/\/www.creilsudoise-tourisme.fr\/#\/schema\/logo\/image\/\",\"url\":\"https:\/\/www.creilsudoise-tourisme.fr\/wp-content\/uploads\/2021\/05\/logo-svg.png\",\"contentUrl\":\"https:\/\/www.creilsudoise-tourisme.fr\/wp-content\/uploads\/2021\/05\/logo-svg.png\",\"width\":182,\"height\":71,\"caption\":\"Creil Sud Oise Tourisme\"},\"image\":{\"@id\":\"https:\/\/www.creilsudoise-tourisme.fr\/#\/schema\/logo\/image\/\"},\"sameAs\":[\"https:\/\/www.facebook.com\/creilsudoisetourisme\/\",\"https:\/\/twitter.com\/CreilSudOiseOT\",\"https:\/\/www.instagram.com\/creilsudoisetourisme\/\",\"https:\/\/www.youtube.com\/channel\/UC8L_QD2wwyADW14zt9fY8kw\"]}]}<\/script>\n<!-- \/ Yoast SEO plugin. -->","yoast_head_json":{"title":"Une randonn\u00e9e ou balade - Office de Tourisme Creil Sud Oise","description":"Explorez Creil Sud Oise \u00e0 pied, en v\u00e9lo ou \u00e0 cheval lors d\u2019une randonn\u00e9e en for\u00eat ou \u00e0 travers champs, \u00e0 la d\u00e9couverte du patrimoine naturel et culturel !","robots":{"index":"index","follow":"follow","max-snippet":"max-snippet:-1","max-image-preview":"max-image-preview:large","max-video-preview":"max-video-preview:-1"},"canonical":"https:\/\/www.creilsudoise-tourisme.fr\/nl\/i-search\/wandeling-2\/","og_locale":"nl_NL","og_type":"article","og_title":"Une randonn\u00e9e ou balade - Office de Tourisme Creil Sud Oise","og_description":"Explorez Creil Sud Oise \u00e0 pied, en v\u00e9lo ou \u00e0 cheval lors d\u2019une randonn\u00e9e en for\u00eat ou \u00e0 travers champs, \u00e0 la d\u00e9couverte du patrimoine naturel et culturel !","og_url":"https:\/\/www.creilsudoise-tourisme.fr\/nl\/i-search\/wandeling-2\/","og_site_name":"Office de Tourisme Creil Sud Oise","article_publisher":"https:\/\/www.facebook.com\/creilsudoisetourisme\/","article_modified_time":"2024-07-05T08:56:32+00:00","og_image":[{"width":1600,"height":856,"url":"https:\/\/www.creilsudoise-tourisme.fr\/wp-content\/uploads\/2021\/05\/2013-08-10-Radonnee-nocturne.jpg","type":"image\/jpeg"}],"twitter_card":"summary_large_image","twitter_site":"@CreilSudOiseOT","twitter_misc":{"Geschatte leestijd":"1 minuut"},"schema":{"@context":"https:\/\/schema.org","@graph":[{"@type":"WebPage","@id":"https:\/\/www.creilsudoise-tourisme.fr\/je-cherche\/randonnee\/","url":"https:\/\/www.creilsudoise-tourisme.fr\/je-cherche\/randonnee\/","name":"Une randonn\u00e9e ou balade - Office de Tourisme Creil Sud Oise","isPartOf":{"@id":"https:\/\/www.creilsudoise-tourisme.fr\/#website"},"datePublished":"2021-02-17T09:03:10+00:00","dateModified":"2024-07-05T08:56:32+00:00","description":"Explorez Creil Sud Oise \u00e0 pied, en v\u00e9lo ou \u00e0 cheval lors d\u2019une randonn\u00e9e en for\u00eat ou \u00e0 travers champs, \u00e0 la d\u00e9couverte du patrimoine naturel et culturel !","breadcrumb":{"@id":"https:\/\/www.creilsudoise-tourisme.fr\/je-cherche\/randonnee\/#breadcrumb"},"inLanguage":"nl","potentialAction":[{"@type":"ReadAction","target":["https:\/\/www.creilsudoise-tourisme.fr\/je-cherche\/randonnee\/"]}]},{"@type":"BreadcrumbList","@id":"https:\/\/www.creilsudoise-tourisme.fr\/je-cherche\/randonnee\/#breadcrumb","itemListElement":[{"@type":"ListItem","position":1,"name":"Accueil","item":"https:\/\/www.creilsudoise-tourisme.fr\/"},{"@type":"ListItem","position":2,"name":"Je cherche","item":"https:\/\/www.creilsudoise-tourisme.fr\/je-cherche\/"},{"@type":"ListItem","position":3,"name":"Une randonn\u00e9e ou balade"}]},{"@type":"WebSite","@id":"https:\/\/www.creilsudoise-tourisme.fr\/#website","url":"https:\/\/www.creilsudoise-tourisme.fr\/","name":"Office de Tourisme Creil Sud Oise","description":"Creil Sud Oise Tourisme, un territoire \u00e0 explorer !","publisher":{"@id":"https:\/\/www.creilsudoise-tourisme.fr\/#organization"},"potentialAction":[{"@type":"SearchAction","target":{"@type":"EntryPoint","urlTemplate":"https:\/\/www.creilsudoise-tourisme.fr\/?s={search_term_string}"},"query-input":"required name=search_term_string"}],"inLanguage":"nl"},{"@type":"Organization","@id":"https:\/\/www.creilsudoise-tourisme.fr\/#organization","name":"Creil Sud Oise Tourisme","url":"https:\/\/www.creilsudoise-tourisme.fr\/","logo":{"@type":"ImageObject","inLanguage":"nl","@id":"https:\/\/www.creilsudoise-tourisme.fr\/#\/schema\/logo\/image\/","url":"https:\/\/www.creilsudoise-tourisme.fr\/wp-content\/uploads\/2021\/05\/logo-svg.png","contentUrl":"https:\/\/www.creilsudoise-tourisme.fr\/wp-content\/uploads\/2021\/05\/logo-svg.png","width":182,"height":71,"caption":"Creil Sud Oise Tourisme"},"image":{"@id":"https:\/\/www.creilsudoise-tourisme.fr\/#\/schema\/logo\/image\/"},"sameAs":["https:\/\/www.facebook.com\/creilsudoisetourisme\/","https:\/\/twitter.com\/CreilSudOiseOT","https:\/\/www.instagram.com\/creilsudoisetourisme\/","https:\/\/www.youtube.com\/channel\/UC8L_QD2wwyADW14zt9fY8kw"]}]}},"_links":{"self":[{"href":"https:\/\/www.creilsudoise-tourisme.fr\/nl\/wp-json\/wp\/v2\/pages\/179"}],"collection":[{"href":"https:\/\/www.creilsudoise-tourisme.fr\/nl\/wp-json\/wp\/v2\/pages"}],"about":[{"href":"https:\/\/www.creilsudoise-tourisme.fr\/nl\/wp-json\/wp\/v2\/types\/page"}],"author":[{"embeddable":true,"href":"https:\/\/www.creilsudoise-tourisme.fr\/nl\/wp-json\/wp\/v2\/users\/1"}],"replies":[{"embeddable":true,"href":"https:\/\/www.creilsudoise-tourisme.fr\/nl\/wp-json\/wp\/v2\/comments?post=179"}],"version-history":[{"count":7,"href":"https:\/\/www.creilsudoise-tourisme.fr\/nl\/wp-json\/wp\/v2\/pages\/179\/revisions"}],"predecessor-version":[{"id":55115,"href":"https:\/\/www.creilsudoise-tourisme.fr\/nl\/wp-json\/wp\/v2\/pages\/179\/revisions\/55115"}],"up":[{"embeddable":true,"href":"https:\/\/www.creilsudoise-tourisme.fr\/nl\/wp-json\/wp\/v2\/pages\/167"}],"wp:featuredmedia":[{"embeddable":true,"href":"https:\/\/www.creilsudoise-tourisme.fr\/nl\/wp-json\/wp\/v2\/media\/35011"}],"wp:attachment":[{"href":"https:\/\/www.creilsudoise-tourisme.fr\/nl\/wp-json\/wp\/v2\/media?parent=179"}],"curies":[{"name":"wp","href":"https:\/\/api.w.org\/{rel}","templated":true}]}}

<!-- This site is optimized with the Yoast SEO plugin v20.2.1 - https://yoast.com/wordpress/plugins/seo/ -->
<title>Une randonnée ou balade - Office de Tourisme Creil Sud Oise</title>
<meta name="description" content="Explorez Creil Sud Oise à pied, en vélo ou à cheval lors d’une randonnée en forêt ou à travers champs, à la découverte du patrimoine naturel et culturel !" />
<meta name="robots" content="index, follow, max-snippet:-1, max-image-preview:large, max-video-preview:-1" />
<link rel="canonical" href="https://www.creilsudoise-tourisme.fr/nl/i-search/wandeling-2/" />
<meta property="og:locale" content="nl_NL" />
<meta property="og:type" content="article" />
<meta property="og:title" content="Une randonnée ou balade - Office de Tourisme Creil Sud Oise" />
<meta property="og:description" content="Explorez Creil Sud Oise à pied, en vélo ou à cheval lors d’une randonnée en forêt ou à travers champs, à la découverte du patrimoine naturel et culturel !" />
<meta property="og:url" content="https://www.creilsudoise-tourisme.fr/nl/i-search/wandeling-2/" />
<meta property="og:site_name" content="Office de Tourisme Creil Sud Oise" />
<meta property="article:publisher" content="https://www.facebook.com/creilsudoisetourisme/" />
<meta property="article:modified_time" content="2024-07-05T08:56:32+00:00" />
<meta property="og:image" content="https://www.creilsudoise-tourisme.fr/wp-content/uploads/2021/05/2013-08-10-Radonnee-nocturne.jpg" />
	<meta property="og:image:width" content="1600" />
	<meta property="og:image:height" content="856" />
	<meta property="og:image:type" content="image/jpeg" />
<meta name="twitter:card" content="summary_large_image" />
<meta name="twitter:site" content="@CreilSudOiseOT" />
<meta name="twitter:label1" content="Geschatte leestijd" />
	<meta name="twitter:data1" content="1 minuut" />
<script type="application/ld+json" class="yoast-schema-graph">{"@context":"https://schema.org","@graph":[{"@type":"WebPage","@id":"https://www.creilsudoise-tourisme.fr/je-cherche/randonnee/","url":"https://www.creilsudoise-tourisme.fr/je-cherche/randonnee/","name":"Une randonnée ou balade - Office de Tourisme Creil Sud Oise","isPartOf":{"@id":"https://www.creilsudoise-tourisme.fr/#website"},"datePublished":"2021-02-17T09:03:10+00:00","dateModified":"2024-07-05T08:56:32+00:00","description":"Explorez Creil Sud Oise à pied, en vélo ou à cheval lors d’une randonnée en forêt ou à travers champs, à la découverte du patrimoine naturel et culturel !","breadcrumb":{"@id":"https://www.creilsudoise-tourisme.fr/je-cherche/randonnee/#breadcrumb"},"inLanguage":"nl","potentialAction":[{"@type":"ReadAction","target":["https://www.creilsudoise-tourisme.fr/je-cherche/randonnee/"]}]},{"@type":"BreadcrumbList","@id":"https://www.creilsudoise-tourisme.fr/je-cherche/randonnee/#breadcrumb","itemListElement":[{"@type":"ListItem","position":1,"name":"Accueil","item":"https://www.creilsudoise-tourisme.fr/"},{"@type":"ListItem","position":2,"name":"Je cherche","item":"https://www.creilsudoise-tourisme.fr/je-cherche/"},{"@type":"ListItem","position":3,"name":"Une randonnée ou balade"}]},{"@type":"WebSite","@id":"https://www.creilsudoise-tourisme.fr/#website","url":"https://www.creilsudoise-tourisme.fr/","name":"Office de Tourisme Creil Sud Oise","description":"Creil Sud Oise Tourisme, un territoire à explorer !","publisher":{"@id":"https://www.creilsudoise-tourisme.fr/#organization"},"potentialAction":[{"@type":"SearchAction","target":{"@type":"EntryPoint","urlTemplate":"https://www.creilsudoise-tourisme.fr/?s={search_term_string}"},"query-input":"required name=search_term_string"}],"inLanguage":"nl"},{"@type":"Organization","@id":"https://www.creilsudoise-tourisme.fr/#organization","name":"Creil Sud Oise Tourisme","url":"https://www.creilsudoise-tourisme.fr/","logo":{"@type":"ImageObject","inLanguage":"nl","@id":"https://www.creilsudoise-tourisme.fr/#/schema/logo/image/","url":"https://www.creilsudoise-tourisme.fr/wp-content/uploads/2021/05/logo-svg.png","contentUrl":"https://www.creilsudoise-tourisme.fr/wp-content/uploads/2021/05/logo-svg.png","width":182,"height":71,"caption":"Creil Sud Oise Tourisme"},"image":{"@id":"https://www.creilsudoise-tourisme.fr/#/schema/logo/image/"},"sameAs":["https://www.facebook.com/creilsudoisetourisme/","https://twitter.com/CreilSudOiseOT","https://www.instagram.com/creilsudoisetourisme/","https://www.youtube.com/channel/UC8L_QD2wwyADW14zt9fY8kw"]}]}</script>
<!-- / Yoast SEO plugin. -->

Une randonnée ou balade - Office de Tourisme Creil Sud Oise

Explorez Creil Sud Oise à pied, en vélo ou à cheval lors d’une randonnée en forêt ou à travers champs, à la découverte du patrimoine naturel et culturel !

Une randonnée ou balade

Creil Sud Oise Tourisme, un territoire à explorer !
