{"id":33578,"date":"2021-04-14T16:20:34","date_gmt":"2021-04-14T14:20:08","guid":{"rendered":"https:\/\/www.creilsudoise-tourisme.fr\/jexplore\/galerie-videos\/abbatiale-saint-nicolas\/"},"modified":"2021-08-06T13:12:45","modified_gmt":"2021-08-06T11:12:45","slug":"abbatiale-saint-nicolas","status":"publish","type":"page","link":"https:\/\/www.creilsudoise-tourisme.fr\/es\/jexplore\/videos\/abbatiale-saint-nicolas\/","title":{"rendered":"[Actividad] Pr\u00f3xima visita a la Abad\u00eda de San Nicol\u00e1s (2020)"},"content":{"rendered":"","protected":false},"excerpt":{"rendered":"","protected":false},"author":1,"featured_media":32513,"parent":163,"menu_order":22,"comment_status":"closed","ping_status":"closed","template":"","meta":{"_relevanssi_hide_post":"","_relevanssi_hide_content":"","_relevanssi_pin_for_all":"","_relevanssi_pin_keywords":"","_relevanssi_unpin_keywords":"","_relevanssi_related_keywords":"","_relevanssi_related_include_ids":"","_relevanssi_related_exclude_ids":"","_relevanssi_related_no_append":"","_relevanssi_related_not_related":"","_relevanssi_related_posts":"271,275,32820,267,273","_relevanssi_noindex_reason":""},"yoast_head":"<!-- This site is optimized with the Yoast SEO plugin v20.2.1 - https:\/\/yoast.com\/wordpress\/plugins\/seo\/ -->\n<title>[Activit\u00e9] Prochaine visite de l&#039;Abbatiale Saint-Nicolas (2020) - Office de Tourisme Creil Sud Oise<\/title>\n<meta name=\"robots\" content=\"index, follow, max-snippet:-1, max-image-preview:large, max-video-preview:-1\" \/>\n<link rel=\"canonical\" href=\"https:\/\/www.creilsudoise-tourisme.fr\/es\/jexplore\/videos\/abbatiale-saint-nicolas\/\" \/>\n<meta property=\"og:locale\" content=\"es_ES\" \/>\n<meta property=\"og:type\" content=\"article\" \/>\n<meta property=\"og:title\" content=\"[Activit\u00e9] Prochaine visite de l&#039;Abbatiale Saint-Nicolas (2020) - Office de Tourisme Creil Sud Oise\" \/>\n<meta property=\"og:url\" content=\"https:\/\/www.creilsudoise-tourisme.fr\/es\/jexplore\/videos\/abbatiale-saint-nicolas\/\" \/>\n<meta property=\"og:site_name\" content=\"Office de Tourisme Creil Sud Oise\" \/>\n<meta property=\"article:publisher\" content=\"https:\/\/www.facebook.com\/creilsudoisetourisme\/\" \/>\n<meta property=\"article:modified_time\" content=\"2021-08-06T11:12:45+00:00\" \/>\n<meta property=\"og:image\" content=\"https:\/\/www.creilsudoise-tourisme.fr\/wp-content\/uploads\/2021\/03\/Nef-de-l_Abbatiale-Saint-Nicolas-a\u0300-Saint-Leu-d_Esserent.jpg\" \/>\n\t<meta property=\"og:image:width\" content=\"1600\" \/>\n\t<meta property=\"og:image:height\" content=\"900\" \/>\n\t<meta property=\"og:image:type\" content=\"image\/jpeg\" \/>\n<meta name=\"twitter:card\" content=\"summary_large_image\" \/>\n<meta name=\"twitter:site\" content=\"@CreilSudOiseOT\" \/>\n<script type=\"application\/ld+json\" class=\"yoast-schema-graph\">{\"@context\":\"https:\/\/schema.org\",\"@graph\":[{\"@type\":\"WebPage\",\"@id\":\"https:\/\/www.creilsudoise-tourisme.fr\/jexplore\/videos\/abbatiale-saint-nicolas\/\",\"url\":\"https:\/\/www.creilsudoise-tourisme.fr\/jexplore\/videos\/abbatiale-saint-nicolas\/\",\"name\":\"[Activit\u00e9] Prochaine visite de l'Abbatiale Saint-Nicolas (2020) - Office de Tourisme Creil Sud Oise\",\"isPartOf\":{\"@id\":\"https:\/\/www.creilsudoise-tourisme.fr\/#website\"},\"datePublished\":\"2021-04-14T14:20:08+00:00\",\"dateModified\":\"2021-08-06T11:12:45+00:00\",\"breadcrumb\":{\"@id\":\"https:\/\/www.creilsudoise-tourisme.fr\/jexplore\/videos\/abbatiale-saint-nicolas\/#breadcrumb\"},\"inLanguage\":\"es\",\"potentialAction\":[{\"@type\":\"ReadAction\",\"target\":[\"https:\/\/www.creilsudoise-tourisme.fr\/jexplore\/videos\/abbatiale-saint-nicolas\/\"]}]},{\"@type\":\"BreadcrumbList\",\"@id\":\"https:\/\/www.creilsudoise-tourisme.fr\/jexplore\/videos\/abbatiale-saint-nicolas\/#breadcrumb\",\"itemListElement\":[{\"@type\":\"ListItem\",\"position\":1,\"name\":\"Accueil\",\"item\":\"https:\/\/www.creilsudoise-tourisme.fr\/\"},{\"@type\":\"ListItem\",\"position\":2,\"name\":\"J&rsquo;explore\",\"item\":\"https:\/\/www.creilsudoise-tourisme.fr\/jexplore\/\"},{\"@type\":\"ListItem\",\"position\":3,\"name\":\"Galerie vid\u00e9os\",\"item\":\"https:\/\/www.creilsudoise-tourisme.fr\/?page_id=163\"},{\"@type\":\"ListItem\",\"position\":4,\"name\":\"[Activit\u00e9] Prochaine visite de l&rsquo;Abbatiale Saint-Nicolas (2020)\"}]},{\"@type\":\"WebSite\",\"@id\":\"https:\/\/www.creilsudoise-tourisme.fr\/#website\",\"url\":\"https:\/\/www.creilsudoise-tourisme.fr\/\",\"name\":\"Office de Tourisme Creil Sud Oise\",\"description\":\"Creil Sud Oise Tourisme, un territoire \u00e0 explorer !\",\"publisher\":{\"@id\":\"https:\/\/www.creilsudoise-tourisme.fr\/#organization\"},\"potentialAction\":[{\"@type\":\"SearchAction\",\"target\":{\"@type\":\"EntryPoint\",\"urlTemplate\":\"https:\/\/www.creilsudoise-tourisme.fr\/?s={search_term_string}\"},\"query-input\":\"required name=search_term_string\"}],\"inLanguage\":\"es\"},{\"@type\":\"Organization\",\"@id\":\"https:\/\/www.creilsudoise-tourisme.fr\/#organization\",\"name\":\"Creil Sud Oise Tourisme\",\"url\":\"https:\/\/www.creilsudoise-tourisme.fr\/\",\"logo\":{\"@type\":\"ImageObject\",\"inLanguage\":\"es\",\"@id\":\"https:\/\/www.creilsudoise-tourisme.fr\/#\/schema\/logo\/image\/\",\"url\":\"https:\/\/www.creilsudoise-tourisme.fr\/wp-content\/uploads\/2021\/05\/logo-svg.png\",\"contentUrl\":\"https:\/\/www.creilsudoise-tourisme.fr\/wp-content\/uploads\/2021\/05\/logo-svg.png\",\"width\":182,\"height\":71,\"caption\":\"Creil Sud Oise Tourisme\"},\"image\":{\"@id\":\"https:\/\/www.creilsudoise-tourisme.fr\/#\/schema\/logo\/image\/\"},\"sameAs\":[\"https:\/\/www.facebook.com\/creilsudoisetourisme\/\",\"https:\/\/twitter.com\/CreilSudOiseOT\",\"https:\/\/www.instagram.com\/creilsudoisetourisme\/\",\"https:\/\/www.youtube.com\/channel\/UC8L_QD2wwyADW14zt9fY8kw\"]}]}<\/script>\n<!-- \/ Yoast SEO plugin. -->","yoast_head_json":{"title":"[Activit\u00e9] Prochaine visite de l'Abbatiale Saint-Nicolas (2020) - Office de Tourisme Creil Sud Oise","robots":{"index":"index","follow":"follow","max-snippet":"max-snippet:-1","max-image-preview":"max-image-preview:large","max-video-preview":"max-video-preview:-1"},"canonical":"https:\/\/www.creilsudoise-tourisme.fr\/es\/jexplore\/videos\/abbatiale-saint-nicolas\/","og_locale":"es_ES","og_type":"article","og_title":"[Activit\u00e9] Prochaine visite de l'Abbatiale Saint-Nicolas (2020) - Office de Tourisme Creil Sud Oise","og_url":"https:\/\/www.creilsudoise-tourisme.fr\/es\/jexplore\/videos\/abbatiale-saint-nicolas\/","og_site_name":"Office de Tourisme Creil Sud Oise","article_publisher":"https:\/\/www.facebook.com\/creilsudoisetourisme\/","article_modified_time":"2021-08-06T11:12:45+00:00","og_image":[{"width":1600,"height":900,"url":"https:\/\/www.creilsudoise-tourisme.fr\/wp-content\/uploads\/2021\/03\/Nef-de-l_Abbatiale-Saint-Nicolas-a\u0300-Saint-Leu-d_Esserent.jpg","type":"image\/jpeg"}],"twitter_card":"summary_large_image","twitter_site":"@CreilSudOiseOT","schema":{"@context":"https:\/\/schema.org","@graph":[{"@type":"WebPage","@id":"https:\/\/www.creilsudoise-tourisme.fr\/jexplore\/videos\/abbatiale-saint-nicolas\/","url":"https:\/\/www.creilsudoise-tourisme.fr\/jexplore\/videos\/abbatiale-saint-nicolas\/","name":"[Activit\u00e9] Prochaine visite de l'Abbatiale Saint-Nicolas (2020) - Office de Tourisme Creil Sud Oise","isPartOf":{"@id":"https:\/\/www.creilsudoise-tourisme.fr\/#website"},"datePublished":"2021-04-14T14:20:08+00:00","dateModified":"2021-08-06T11:12:45+00:00","breadcrumb":{"@id":"https:\/\/www.creilsudoise-tourisme.fr\/jexplore\/videos\/abbatiale-saint-nicolas\/#breadcrumb"},"inLanguage":"es","potentialAction":[{"@type":"ReadAction","target":["https:\/\/www.creilsudoise-tourisme.fr\/jexplore\/videos\/abbatiale-saint-nicolas\/"]}]},{"@type":"BreadcrumbList","@id":"https:\/\/www.creilsudoise-tourisme.fr\/jexplore\/videos\/abbatiale-saint-nicolas\/#breadcrumb","itemListElement":[{"@type":"ListItem","position":1,"name":"Accueil","item":"https:\/\/www.creilsudoise-tourisme.fr\/"},{"@type":"ListItem","position":2,"name":"J&rsquo;explore","item":"https:\/\/www.creilsudoise-tourisme.fr\/jexplore\/"},{"@type":"ListItem","position":3,"name":"Galerie vid\u00e9os","item":"https:\/\/www.creilsudoise-tourisme.fr\/?page_id=163"},{"@type":"ListItem","position":4,"name":"[Activit\u00e9] Prochaine visite de l&rsquo;Abbatiale Saint-Nicolas (2020)"}]},{"@type":"WebSite","@id":"https:\/\/www.creilsudoise-tourisme.fr\/#website","url":"https:\/\/www.creilsudoise-tourisme.fr\/","name":"Office de Tourisme Creil Sud Oise","description":"Creil Sud Oise Tourisme, un territoire \u00e0 explorer !","publisher":{"@id":"https:\/\/www.creilsudoise-tourisme.fr\/#organization"},"potentialAction":[{"@type":"SearchAction","target":{"@type":"EntryPoint","urlTemplate":"https:\/\/www.creilsudoise-tourisme.fr\/?s={search_term_string}"},"query-input":"required name=search_term_string"}],"inLanguage":"es"},{"@type":"Organization","@id":"https:\/\/www.creilsudoise-tourisme.fr\/#organization","name":"Creil Sud Oise Tourisme","url":"https:\/\/www.creilsudoise-tourisme.fr\/","logo":{"@type":"ImageObject","inLanguage":"es","@id":"https:\/\/www.creilsudoise-tourisme.fr\/#\/schema\/logo\/image\/","url":"https:\/\/www.creilsudoise-tourisme.fr\/wp-content\/uploads\/2021\/05\/logo-svg.png","contentUrl":"https:\/\/www.creilsudoise-tourisme.fr\/wp-content\/uploads\/2021\/05\/logo-svg.png","width":182,"height":71,"caption":"Creil Sud Oise Tourisme"},"image":{"@id":"https:\/\/www.creilsudoise-tourisme.fr\/#\/schema\/logo\/image\/"},"sameAs":["https:\/\/www.facebook.com\/creilsudoisetourisme\/","https:\/\/twitter.com\/CreilSudOiseOT","https:\/\/www.instagram.com\/creilsudoisetourisme\/","https:\/\/www.youtube.com\/channel\/UC8L_QD2wwyADW14zt9fY8kw"]}]}},"_links":{"self":[{"href":"https:\/\/www.creilsudoise-tourisme.fr\/es\/wp-json\/wp\/v2\/pages\/33578"}],"collection":[{"href":"https:\/\/www.creilsudoise-tourisme.fr\/es\/wp-json\/wp\/v2\/pages"}],"about":[{"href":"https:\/\/www.creilsudoise-tourisme.fr\/es\/wp-json\/wp\/v2\/types\/page"}],"author":[{"embeddable":true,"href":"https:\/\/www.creilsudoise-tourisme.fr\/es\/wp-json\/wp\/v2\/users\/1"}],"replies":[{"embeddable":true,"href":"https:\/\/www.creilsudoise-tourisme.fr\/es\/wp-json\/wp\/v2\/comments?post=33578"}],"version-history":[{"count":5,"href":"https:\/\/www.creilsudoise-tourisme.fr\/es\/wp-json\/wp\/v2\/pages\/33578\/revisions"}],"predecessor-version":[{"id":37085,"href":"https:\/\/www.creilsudoise-tourisme.fr\/es\/wp-json\/wp\/v2\/pages\/33578\/revisions\/37085"}],"up":[{"embeddable":true,"href":"https:\/\/www.creilsudoise-tourisme.fr\/es\/wp-json\/wp\/v2\/pages\/163"}],"wp:featuredmedia":[{"embeddable":true,"href":"https:\/\/www.creilsudoise-tourisme.fr\/es\/wp-json\/wp\/v2\/media\/32513"}],"wp:attachment":[{"href":"https:\/\/www.creilsudoise-tourisme.fr\/es\/wp-json\/wp\/v2\/media?parent=33578"}],"curies":[{"name":"wp","href":"https:\/\/api.w.org\/{rel}","templated":true}]}}

[Actividad] Próxima visita a la Abadía de San Nicolás (2020)

<!-- This site is optimized with the Yoast SEO plugin v20.2.1 - https://yoast.com/wordpress/plugins/seo/ -->
<title>[Activité] Prochaine visite de l&#039;Abbatiale Saint-Nicolas (2020) - Office de Tourisme Creil Sud Oise</title>
<meta name="robots" content="index, follow, max-snippet:-1, max-image-preview:large, max-video-preview:-1" />
<link rel="canonical" href="https://www.creilsudoise-tourisme.fr/es/jexplore/videos/abbatiale-saint-nicolas/" />
<meta property="og:locale" content="es_ES" />
<meta property="og:type" content="article" />
<meta property="og:title" content="[Activité] Prochaine visite de l&#039;Abbatiale Saint-Nicolas (2020) - Office de Tourisme Creil Sud Oise" />
<meta property="og:url" content="https://www.creilsudoise-tourisme.fr/es/jexplore/videos/abbatiale-saint-nicolas/" />
<meta property="og:site_name" content="Office de Tourisme Creil Sud Oise" />
<meta property="article:publisher" content="https://www.facebook.com/creilsudoisetourisme/" />
<meta property="article:modified_time" content="2021-08-06T11:12:45+00:00" />
<meta property="og:image" content="https://www.creilsudoise-tourisme.fr/wp-content/uploads/2021/03/Nef-de-l_Abbatiale-Saint-Nicolas-à-Saint-Leu-d_Esserent.jpg" />
	<meta property="og:image:width" content="1600" />
	<meta property="og:image:height" content="900" />
	<meta property="og:image:type" content="image/jpeg" />
<meta name="twitter:card" content="summary_large_image" />
<meta name="twitter:site" content="@CreilSudOiseOT" />
<script type="application/ld+json" class="yoast-schema-graph">{"@context":"https://schema.org","@graph":[{"@type":"WebPage","@id":"https://www.creilsudoise-tourisme.fr/jexplore/videos/abbatiale-saint-nicolas/","url":"https://www.creilsudoise-tourisme.fr/jexplore/videos/abbatiale-saint-nicolas/","name":"[Activité] Prochaine visite de l'Abbatiale Saint-Nicolas (2020) - Office de Tourisme Creil Sud Oise","isPartOf":{"@id":"https://www.creilsudoise-tourisme.fr/#website"},"datePublished":"2021-04-14T14:20:08+00:00","dateModified":"2021-08-06T11:12:45+00:00","breadcrumb":{"@id":"https://www.creilsudoise-tourisme.fr/jexplore/videos/abbatiale-saint-nicolas/#breadcrumb"},"inLanguage":"es","potentialAction":[{"@type":"ReadAction","target":["https://www.creilsudoise-tourisme.fr/jexplore/videos/abbatiale-saint-nicolas/"]}]},{"@type":"BreadcrumbList","@id":"https://www.creilsudoise-tourisme.fr/jexplore/videos/abbatiale-saint-nicolas/#breadcrumb","itemListElement":[{"@type":"ListItem","position":1,"name":"Accueil","item":"https://www.creilsudoise-tourisme.fr/"},{"@type":"ListItem","position":2,"name":"J&rsquo;explore","item":"https://www.creilsudoise-tourisme.fr/jexplore/"},{"@type":"ListItem","position":3,"name":"Galerie vidéos","item":"https://www.creilsudoise-tourisme.fr/?page_id=163"},{"@type":"ListItem","position":4,"name":"[Activité] Prochaine visite de l&rsquo;Abbatiale Saint-Nicolas (2020)"}]},{"@type":"WebSite","@id":"https://www.creilsudoise-tourisme.fr/#website","url":"https://www.creilsudoise-tourisme.fr/","name":"Office de Tourisme Creil Sud Oise","description":"Creil Sud Oise Tourisme, un territoire à explorer !","publisher":{"@id":"https://www.creilsudoise-tourisme.fr/#organization"},"potentialAction":[{"@type":"SearchAction","target":{"@type":"EntryPoint","urlTemplate":"https://www.creilsudoise-tourisme.fr/?s={search_term_string}"},"query-input":"required name=search_term_string"}],"inLanguage":"es"},{"@type":"Organization","@id":"https://www.creilsudoise-tourisme.fr/#organization","name":"Creil Sud Oise Tourisme","url":"https://www.creilsudoise-tourisme.fr/","logo":{"@type":"ImageObject","inLanguage":"es","@id":"https://www.creilsudoise-tourisme.fr/#/schema/logo/image/","url":"https://www.creilsudoise-tourisme.fr/wp-content/uploads/2021/05/logo-svg.png","contentUrl":"https://www.creilsudoise-tourisme.fr/wp-content/uploads/2021/05/logo-svg.png","width":182,"height":71,"caption":"Creil Sud Oise Tourisme"},"image":{"@id":"https://www.creilsudoise-tourisme.fr/#/schema/logo/image/"},"sameAs":["https://www.facebook.com/creilsudoisetourisme/","https://twitter.com/CreilSudOiseOT","https://www.instagram.com/creilsudoisetourisme/","https://www.youtube.com/channel/UC8L_QD2wwyADW14zt9fY8kw"]}]}</script>
<!-- / Yoast SEO plugin. -->

[Activité] Prochaine visite de l'Abbatiale Saint-Nicolas (2020) - Office de Tourisme Creil Sud Oise

Galerie vidéos

[Activité] Prochaine visite de l&rsquo;Abbatiale Saint-Nicolas (2020)

Creil Sud Oise Tourisme, un territoire à explorer !
