{"id":197,"date":"2021-02-17T10:03:26","date_gmt":"2021-02-17T09:03:26","guid":{"rendered":"https:\/\/www.creilsudoise-tourisme.fr\/brochures-2\/"},"modified":"2025-03-19T16:44:23","modified_gmt":"2025-03-19T15:44:23","slug":"brochures","status":"publish","type":"page","link":"https:\/\/www.creilsudoise-tourisme.fr\/de\/praxis\/broschuren\/","title":{"rendered":"Brosch\u00fcren"},"content":{"rendered":"<p class=\"is-style-excerpt\">Bereiten Sie sich darauf vor, Creil Sud Oise in aller Ruhe zu erkunden! Sie k\u00f6nnen<strong> die Brosch\u00fcren von Creil Sud Oise Tourisme herunterladen<\/strong> oder <strong>erhalten Sie direkt zu Ihnen nach Hause<\/strong>F\u00fcllen Sie das Formular aus!<\/p>\n\n\n\n<div class=\"is-content-justification-center is-layout-flex wp-container-1 wp-block-buttons\">\n<div class=\"wp-block-button\"><a class=\"wp-block-button__link wp-element-button\" href=\"https:\/\/www.creilsudoise-tourisme.fr\/de\/erforschen-gruppen\/broschure-gruppen\/\" target=\"_blank\" rel=\"noreferrer noopener\">Gruppenbrosch\u00fcren<\/a><\/div>\n<\/div>","protected":false},"excerpt":{"rendered":"<p>Bereiten Sie sich darauf vor, Creil Sud Oise in aller Ruhe zu erkunden! Sie k\u00f6nnen die Brosch\u00fcren von Creil Sud Oise Tourisme herunterladen oder sie direkt zu sich nach Hause schicken lassen, indem Sie das Formular ausf\u00fcllen!<\/p>","protected":false},"author":1,"featured_media":33285,"parent":191,"menu_order":1,"comment_status":"closed","ping_status":"closed","template":"","meta":{"_relevanssi_hide_post":"","_relevanssi_hide_content":"","_relevanssi_pin_for_all":"","_relevanssi_pin_keywords":"","_relevanssi_unpin_keywords":"","_relevanssi_related_keywords":"","_relevanssi_related_include_ids":"","_relevanssi_related_exclude_ids":"","_relevanssi_related_no_append":"","_relevanssi_related_not_related":"","_relevanssi_related_posts":"271,267,273,275","_relevanssi_noindex_reason":""},"yoast_head":"<!-- This site is optimized with the Yoast SEO plugin v20.2.1 - https:\/\/yoast.com\/wordpress\/plugins\/seo\/ -->\n<title>T\u00e9l\u00e9chargez et commandez les brochures de Creil Sud Oise Tourisme<\/title>\n<meta name=\"description\" content=\"RDV de l\u2019Office de Tourisme, Brochures groupes, carte touristique\u2026 pr\u00e9parez sereinement votre s\u00e9jour \u00e0 Creil Sud Oise gr\u00e2ce \u00e0 nos brochures !\" \/>\n<meta name=\"robots\" content=\"index, follow, max-snippet:-1, max-image-preview:large, max-video-preview:-1\" \/>\n<link rel=\"canonical\" href=\"https:\/\/www.creilsudoise-tourisme.fr\/de\/praxis\/broschuren\/\" \/>\n<meta property=\"og:locale\" content=\"de_DE\" \/>\n<meta property=\"og:type\" content=\"article\" \/>\n<meta property=\"og:title\" content=\"T\u00e9l\u00e9chargez et commandez les brochures de Creil Sud Oise Tourisme\" \/>\n<meta property=\"og:description\" content=\"RDV de l\u2019Office de Tourisme, Brochures groupes, carte touristique\u2026 pr\u00e9parez sereinement votre s\u00e9jour \u00e0 Creil Sud Oise gr\u00e2ce \u00e0 nos brochures !\" \/>\n<meta property=\"og:url\" content=\"https:\/\/www.creilsudoise-tourisme.fr\/de\/praxis\/broschuren\/\" \/>\n<meta property=\"og:site_name\" content=\"Office de Tourisme Creil Sud Oise\" \/>\n<meta property=\"article:publisher\" content=\"https:\/\/www.facebook.com\/creilsudoisetourisme\/\" \/>\n<meta property=\"article:modified_time\" content=\"2025-03-19T15:44:23+00:00\" \/>\n<meta property=\"og:image\" content=\"https:\/\/www.creilsudoise-tourisme.fr\/wp-content\/uploads\/2021\/04\/Te\u0301le\u0301chargez-les-brochures-groupes-de-Creil-Sud-Oise-Tourisme-2.jpg\" \/>\n\t<meta property=\"og:image:width\" content=\"1600\" \/>\n\t<meta property=\"og:image:height\" content=\"900\" \/>\n\t<meta property=\"og:image:type\" content=\"image\/jpeg\" \/>\n<meta name=\"twitter:card\" content=\"summary_large_image\" \/>\n<meta name=\"twitter:site\" content=\"@CreilSudOiseOT\" \/>\n<meta name=\"twitter:label1\" content=\"Gesch\u00e4tzte Lesezeit\" \/>\n\t<meta name=\"twitter:data1\" content=\"1\u00a0Minute\" \/>\n<script type=\"application\/ld+json\" class=\"yoast-schema-graph\">{\"@context\":\"https:\/\/schema.org\",\"@graph\":[{\"@type\":\"WebPage\",\"@id\":\"https:\/\/www.creilsudoise-tourisme.fr\/pratique\/brochures\/\",\"url\":\"https:\/\/www.creilsudoise-tourisme.fr\/pratique\/brochures\/\",\"name\":\"T\u00e9l\u00e9chargez et commandez les brochures de Creil Sud Oise Tourisme\",\"isPartOf\":{\"@id\":\"https:\/\/www.creilsudoise-tourisme.fr\/#website\"},\"datePublished\":\"2021-02-17T09:03:26+00:00\",\"dateModified\":\"2025-03-19T15:44:23+00:00\",\"description\":\"RDV de l\u2019Office de Tourisme, Brochures groupes, carte touristique\u2026 pr\u00e9parez sereinement votre s\u00e9jour \u00e0 Creil Sud Oise gr\u00e2ce \u00e0 nos brochures !\",\"breadcrumb\":{\"@id\":\"https:\/\/www.creilsudoise-tourisme.fr\/pratique\/brochures\/#breadcrumb\"},\"inLanguage\":\"de\",\"potentialAction\":[{\"@type\":\"ReadAction\",\"target\":[\"https:\/\/www.creilsudoise-tourisme.fr\/pratique\/brochures\/\"]}]},{\"@type\":\"BreadcrumbList\",\"@id\":\"https:\/\/www.creilsudoise-tourisme.fr\/pratique\/brochures\/#breadcrumb\",\"itemListElement\":[{\"@type\":\"ListItem\",\"position\":1,\"name\":\"Accueil\",\"item\":\"https:\/\/www.creilsudoise-tourisme.fr\/\"},{\"@type\":\"ListItem\",\"position\":2,\"name\":\"Pratique\",\"item\":\"https:\/\/www.creilsudoise-tourisme.fr\/pratique\/\"},{\"@type\":\"ListItem\",\"position\":3,\"name\":\"Brochures\"}]},{\"@type\":\"WebSite\",\"@id\":\"https:\/\/www.creilsudoise-tourisme.fr\/#website\",\"url\":\"https:\/\/www.creilsudoise-tourisme.fr\/\",\"name\":\"Office de Tourisme Creil Sud Oise\",\"description\":\"Creil Sud Oise Tourisme, un territoire \u00e0 explorer !\",\"publisher\":{\"@id\":\"https:\/\/www.creilsudoise-tourisme.fr\/#organization\"},\"potentialAction\":[{\"@type\":\"SearchAction\",\"target\":{\"@type\":\"EntryPoint\",\"urlTemplate\":\"https:\/\/www.creilsudoise-tourisme.fr\/?s={search_term_string}\"},\"query-input\":\"required name=search_term_string\"}],\"inLanguage\":\"de\"},{\"@type\":\"Organization\",\"@id\":\"https:\/\/www.creilsudoise-tourisme.fr\/#organization\",\"name\":\"Creil Sud Oise Tourisme\",\"url\":\"https:\/\/www.creilsudoise-tourisme.fr\/\",\"logo\":{\"@type\":\"ImageObject\",\"inLanguage\":\"de\",\"@id\":\"https:\/\/www.creilsudoise-tourisme.fr\/#\/schema\/logo\/image\/\",\"url\":\"https:\/\/www.creilsudoise-tourisme.fr\/wp-content\/uploads\/2021\/05\/logo-svg.png\",\"contentUrl\":\"https:\/\/www.creilsudoise-tourisme.fr\/wp-content\/uploads\/2021\/05\/logo-svg.png\",\"width\":182,\"height\":71,\"caption\":\"Creil Sud Oise Tourisme\"},\"image\":{\"@id\":\"https:\/\/www.creilsudoise-tourisme.fr\/#\/schema\/logo\/image\/\"},\"sameAs\":[\"https:\/\/www.facebook.com\/creilsudoisetourisme\/\",\"https:\/\/twitter.com\/CreilSudOiseOT\",\"https:\/\/www.instagram.com\/creilsudoisetourisme\/\",\"https:\/\/www.youtube.com\/channel\/UC8L_QD2wwyADW14zt9fY8kw\"]}]}<\/script>\n<!-- \/ Yoast SEO plugin. -->","yoast_head_json":{"title":"T\u00e9l\u00e9chargez et commandez les brochures de Creil Sud Oise Tourisme","description":"RDV de l\u2019Office de Tourisme, Brochures groupes, carte touristique\u2026 pr\u00e9parez sereinement votre s\u00e9jour \u00e0 Creil Sud Oise gr\u00e2ce \u00e0 nos brochures !","robots":{"index":"index","follow":"follow","max-snippet":"max-snippet:-1","max-image-preview":"max-image-preview:large","max-video-preview":"max-video-preview:-1"},"canonical":"https:\/\/www.creilsudoise-tourisme.fr\/de\/praxis\/broschuren\/","og_locale":"de_DE","og_type":"article","og_title":"T\u00e9l\u00e9chargez et commandez les brochures de Creil Sud Oise Tourisme","og_description":"RDV de l\u2019Office de Tourisme, Brochures groupes, carte touristique\u2026 pr\u00e9parez sereinement votre s\u00e9jour \u00e0 Creil Sud Oise gr\u00e2ce \u00e0 nos brochures !","og_url":"https:\/\/www.creilsudoise-tourisme.fr\/de\/praxis\/broschuren\/","og_site_name":"Office de Tourisme Creil Sud Oise","article_publisher":"https:\/\/www.facebook.com\/creilsudoisetourisme\/","article_modified_time":"2025-03-19T15:44:23+00:00","og_image":[{"width":1600,"height":900,"url":"https:\/\/www.creilsudoise-tourisme.fr\/wp-content\/uploads\/2021\/04\/Te\u0301le\u0301chargez-les-brochures-groupes-de-Creil-Sud-Oise-Tourisme-2.jpg","type":"image\/jpeg"}],"twitter_card":"summary_large_image","twitter_site":"@CreilSudOiseOT","twitter_misc":{"Gesch\u00e4tzte Lesezeit":"1\u00a0Minute"},"schema":{"@context":"https:\/\/schema.org","@graph":[{"@type":"WebPage","@id":"https:\/\/www.creilsudoise-tourisme.fr\/pratique\/brochures\/","url":"https:\/\/www.creilsudoise-tourisme.fr\/pratique\/brochures\/","name":"T\u00e9l\u00e9chargez et commandez les brochures de Creil Sud Oise Tourisme","isPartOf":{"@id":"https:\/\/www.creilsudoise-tourisme.fr\/#website"},"datePublished":"2021-02-17T09:03:26+00:00","dateModified":"2025-03-19T15:44:23+00:00","description":"RDV de l\u2019Office de Tourisme, Brochures groupes, carte touristique\u2026 pr\u00e9parez sereinement votre s\u00e9jour \u00e0 Creil Sud Oise gr\u00e2ce \u00e0 nos brochures !","breadcrumb":{"@id":"https:\/\/www.creilsudoise-tourisme.fr\/pratique\/brochures\/#breadcrumb"},"inLanguage":"de","potentialAction":[{"@type":"ReadAction","target":["https:\/\/www.creilsudoise-tourisme.fr\/pratique\/brochures\/"]}]},{"@type":"BreadcrumbList","@id":"https:\/\/www.creilsudoise-tourisme.fr\/pratique\/brochures\/#breadcrumb","itemListElement":[{"@type":"ListItem","position":1,"name":"Accueil","item":"https:\/\/www.creilsudoise-tourisme.fr\/"},{"@type":"ListItem","position":2,"name":"Pratique","item":"https:\/\/www.creilsudoise-tourisme.fr\/pratique\/"},{"@type":"ListItem","position":3,"name":"Brochures"}]},{"@type":"WebSite","@id":"https:\/\/www.creilsudoise-tourisme.fr\/#website","url":"https:\/\/www.creilsudoise-tourisme.fr\/","name":"Office de Tourisme Creil Sud Oise","description":"Creil Sud Oise Tourisme, un territoire \u00e0 explorer !","publisher":{"@id":"https:\/\/www.creilsudoise-tourisme.fr\/#organization"},"potentialAction":[{"@type":"SearchAction","target":{"@type":"EntryPoint","urlTemplate":"https:\/\/www.creilsudoise-tourisme.fr\/?s={search_term_string}"},"query-input":"required name=search_term_string"}],"inLanguage":"de"},{"@type":"Organization","@id":"https:\/\/www.creilsudoise-tourisme.fr\/#organization","name":"Creil Sud Oise Tourisme","url":"https:\/\/www.creilsudoise-tourisme.fr\/","logo":{"@type":"ImageObject","inLanguage":"de","@id":"https:\/\/www.creilsudoise-tourisme.fr\/#\/schema\/logo\/image\/","url":"https:\/\/www.creilsudoise-tourisme.fr\/wp-content\/uploads\/2021\/05\/logo-svg.png","contentUrl":"https:\/\/www.creilsudoise-tourisme.fr\/wp-content\/uploads\/2021\/05\/logo-svg.png","width":182,"height":71,"caption":"Creil Sud Oise Tourisme"},"image":{"@id":"https:\/\/www.creilsudoise-tourisme.fr\/#\/schema\/logo\/image\/"},"sameAs":["https:\/\/www.facebook.com\/creilsudoisetourisme\/","https:\/\/twitter.com\/CreilSudOiseOT","https:\/\/www.instagram.com\/creilsudoisetourisme\/","https:\/\/www.youtube.com\/channel\/UC8L_QD2wwyADW14zt9fY8kw"]}]}},"_links":{"self":[{"href":"https:\/\/www.creilsudoise-tourisme.fr\/de\/wp-json\/wp\/v2\/pages\/197"}],"collection":[{"href":"https:\/\/www.creilsudoise-tourisme.fr\/de\/wp-json\/wp\/v2\/pages"}],"about":[{"href":"https:\/\/www.creilsudoise-tourisme.fr\/de\/wp-json\/wp\/v2\/types\/page"}],"author":[{"embeddable":true,"href":"https:\/\/www.creilsudoise-tourisme.fr\/de\/wp-json\/wp\/v2\/users\/1"}],"replies":[{"embeddable":true,"href":"https:\/\/www.creilsudoise-tourisme.fr\/de\/wp-json\/wp\/v2\/comments?post=197"}],"version-history":[{"count":27,"href":"https:\/\/www.creilsudoise-tourisme.fr\/de\/wp-json\/wp\/v2\/pages\/197\/revisions"}],"predecessor-version":[{"id":66589,"href":"https:\/\/www.creilsudoise-tourisme.fr\/de\/wp-json\/wp\/v2\/pages\/197\/revisions\/66589"}],"up":[{"embeddable":true,"href":"https:\/\/www.creilsudoise-tourisme.fr\/de\/wp-json\/wp\/v2\/pages\/191"}],"wp:featuredmedia":[{"embeddable":true,"href":"https:\/\/www.creilsudoise-tourisme.fr\/de\/wp-json\/wp\/v2\/media\/33285"}],"wp:attachment":[{"href":"https:\/\/www.creilsudoise-tourisme.fr\/de\/wp-json\/wp\/v2\/media?parent=197"}],"curies":[{"name":"wp","href":"https:\/\/api.w.org\/{rel}","templated":true}]}}

Broschüren

<p class="is-style-excerpt">Bereiten Sie sich darauf vor, Creil Sud Oise in aller Ruhe zu erkunden! Sie können<strong> die Broschüren von Creil Sud Oise Tourisme herunterladen</strong> oder <strong>erhalten Sie direkt zu Ihnen nach Hause</strong>Füllen Sie das Formular aus!</p>



<div class="is-content-justification-center is-layout-flex wp-container-1 wp-block-buttons">
<div class="wp-block-button"><a class="wp-block-button__link wp-element-button" href="https://www.creilsudoise-tourisme.fr/de/erforschen-gruppen/broschure-gruppen/" target="_blank" rel="noreferrer noopener">Gruppenbroschüren</a></div>
</div>

<p>Bereiten Sie sich darauf vor, Creil Sud Oise in aller Ruhe zu erkunden! Sie können die Broschüren von Creil Sud Oise Tourisme herunterladen oder sie direkt zu sich nach Hause schicken lassen, indem Sie das Formular ausfüllen!</p>

<!-- This site is optimized with the Yoast SEO plugin v20.2.1 - https://yoast.com/wordpress/plugins/seo/ -->
<title>Téléchargez et commandez les brochures de Creil Sud Oise Tourisme</title>
<meta name="description" content="RDV de l’Office de Tourisme, Brochures groupes, carte touristique… préparez sereinement votre séjour à Creil Sud Oise grâce à nos brochures !" />
<meta name="robots" content="index, follow, max-snippet:-1, max-image-preview:large, max-video-preview:-1" />
<link rel="canonical" href="https://www.creilsudoise-tourisme.fr/de/praxis/broschuren/" />
<meta property="og:locale" content="de_DE" />
<meta property="og:type" content="article" />
<meta property="og:title" content="Téléchargez et commandez les brochures de Creil Sud Oise Tourisme" />
<meta property="og:description" content="RDV de l’Office de Tourisme, Brochures groupes, carte touristique… préparez sereinement votre séjour à Creil Sud Oise grâce à nos brochures !" />
<meta property="og:url" content="https://www.creilsudoise-tourisme.fr/de/praxis/broschuren/" />
<meta property="og:site_name" content="Office de Tourisme Creil Sud Oise" />
<meta property="article:publisher" content="https://www.facebook.com/creilsudoisetourisme/" />
<meta property="article:modified_time" content="2025-03-19T15:44:23+00:00" />
<meta property="og:image" content="https://www.creilsudoise-tourisme.fr/wp-content/uploads/2021/04/Téléchargez-les-brochures-groupes-de-Creil-Sud-Oise-Tourisme-2.jpg" />
	<meta property="og:image:width" content="1600" />
	<meta property="og:image:height" content="900" />
	<meta property="og:image:type" content="image/jpeg" />
<meta name="twitter:card" content="summary_large_image" />
<meta name="twitter:site" content="@CreilSudOiseOT" />
<meta name="twitter:label1" content="Geschätzte Lesezeit" />
	<meta name="twitter:data1" content="1 Minute" />
<script type="application/ld+json" class="yoast-schema-graph">{"@context":"https://schema.org","@graph":[{"@type":"WebPage","@id":"https://www.creilsudoise-tourisme.fr/pratique/brochures/","url":"https://www.creilsudoise-tourisme.fr/pratique/brochures/","name":"Téléchargez et commandez les brochures de Creil Sud Oise Tourisme","isPartOf":{"@id":"https://www.creilsudoise-tourisme.fr/#website"},"datePublished":"2021-02-17T09:03:26+00:00","dateModified":"2025-03-19T15:44:23+00:00","description":"RDV de l’Office de Tourisme, Brochures groupes, carte touristique… préparez sereinement votre séjour à Creil Sud Oise grâce à nos brochures !","breadcrumb":{"@id":"https://www.creilsudoise-tourisme.fr/pratique/brochures/#breadcrumb"},"inLanguage":"de","potentialAction":[{"@type":"ReadAction","target":["https://www.creilsudoise-tourisme.fr/pratique/brochures/"]}]},{"@type":"BreadcrumbList","@id":"https://www.creilsudoise-tourisme.fr/pratique/brochures/#breadcrumb","itemListElement":[{"@type":"ListItem","position":1,"name":"Accueil","item":"https://www.creilsudoise-tourisme.fr/"},{"@type":"ListItem","position":2,"name":"Pratique","item":"https://www.creilsudoise-tourisme.fr/pratique/"},{"@type":"ListItem","position":3,"name":"Brochures"}]},{"@type":"WebSite","@id":"https://www.creilsudoise-tourisme.fr/#website","url":"https://www.creilsudoise-tourisme.fr/","name":"Office de Tourisme Creil Sud Oise","description":"Creil Sud Oise Tourisme, un territoire à explorer !","publisher":{"@id":"https://www.creilsudoise-tourisme.fr/#organization"},"potentialAction":[{"@type":"SearchAction","target":{"@type":"EntryPoint","urlTemplate":"https://www.creilsudoise-tourisme.fr/?s={search_term_string}"},"query-input":"required name=search_term_string"}],"inLanguage":"de"},{"@type":"Organization","@id":"https://www.creilsudoise-tourisme.fr/#organization","name":"Creil Sud Oise Tourisme","url":"https://www.creilsudoise-tourisme.fr/","logo":{"@type":"ImageObject","inLanguage":"de","@id":"https://www.creilsudoise-tourisme.fr/#/schema/logo/image/","url":"https://www.creilsudoise-tourisme.fr/wp-content/uploads/2021/05/logo-svg.png","contentUrl":"https://www.creilsudoise-tourisme.fr/wp-content/uploads/2021/05/logo-svg.png","width":182,"height":71,"caption":"Creil Sud Oise Tourisme"},"image":{"@id":"https://www.creilsudoise-tourisme.fr/#/schema/logo/image/"},"sameAs":["https://www.facebook.com/creilsudoisetourisme/","https://twitter.com/CreilSudOiseOT","https://www.instagram.com/creilsudoisetourisme/","https://www.youtube.com/channel/UC8L_QD2wwyADW14zt9fY8kw"]}]}</script>
<!-- / Yoast SEO plugin. -->

Téléchargez et commandez les brochures de Creil Sud Oise Tourisme

RDV de l’Office de Tourisme, Brochures groupes, carte touristique… préparez sereinement votre séjour à Creil Sud Oise grâce à nos brochures !

Creil Sud Oise Tourisme, un territoire à explorer !
